reatest common factor of 2413 and 1273.
19
Calculate the greatest common divisor of 305 and 13115.
305
Calculate the greatest common divisor of 301 and 15437.
43
What is the highest common factor of 110 and 130482?
22
What is the greatest common factor of 181600 and 96?
32
Calculate the highest common factor of 2 and 2533694.
2
What is the greatest common factor of 21 and 3759?
21
What is the greatest common factor of 150252 and 12?
12
What is the greatest common divisor of 127435 and 770?
385
Calculate the greatest common factor of 71082 and 423.
9
Calculate the highest common divisor of 408 and 80628.
12
Calculate the greatest common factor of 379 and 23877.
379
What is the greatest common divisor of 16 and 1048?
8
What is the greatest common factor of 1976 and 119396?
76
What is the highest common factor of 111523 and 17633?
229
What is the greatest common factor of 22 and 351186?
22
Calculate the greatest common divisor of 707 and 86557.
101
Calculate the highest common factor of 3936 and 246.
246
What is the greatest common divisor of 123268 and 4?
4
What is the greatest common factor of 60 and 137844?
12
What is the highest common factor of 93666 and 8040?
402
What is the highest common divisor of 29 and 8381?
29
Calculate the highest common factor of 204 and 42177.
51
Calculate the greatest common divisor of 1299 and 54991.
433
What is the highest common factor of 615 and 12259?
41
What is the greatest common divisor of 15713 and 266?
19
Calculate the greatest common divisor of 2344672 and 224.
32
What is the greatest common factor of 590568 and 12?
12
Calculate the highest common factor of 222 and 1346.
2
What is the greatest common factor of 108 and 308961?
27
Calculate the greatest common factor of 1767 and 9291.
57
What is the highest common divisor of 29977 and 7130?
31
Calculate the highest common divisor of 2943 and 872.
109
What is the highest common factor of 3978 and 19584?
306
What is the highest common divisor of 56 and 513632?
56
What is the highest common factor of 1833 and 281814?
39
What is the highest common divisor of 32593 and 1?
1
What is the highest common divisor of 2478 and 13902?
42
What is the greatest common divisor of 16320 and 2890?
170
Calculate the highest common factor of 221220 and 1980.
180
Calculate the highest common factor of 1764 and 590450.
98
What is the highest common factor of 639 and 2201?
71
Calculate the greatest common divisor of 20791 and 799.
17
Calculate the greatest common divisor of 18615 and 4599.
219
What is the highest common divisor of 10556 and 520?
52
Calculate the highest common factor of 143 and 14261.
13
What is the highest common factor of 4875 and 26250?
375
What is the greatest common divisor of 1150510 and 3605?
515
Calculate the highest common divisor of 640 and 29824.
128
What is the highest common factor of 107 and 455392?
107
Calculate the highest common divisor of 24425 and 475.
25
Calculate the highest common divisor of 18 and 78327.
9
Calculate the greatest common divisor of 554 and 132129.
277
Calculate the greatest common divisor of 852 and 1068.
12
What is the greatest common factor of 876 and 3648?
12
What is the greatest common divisor of 1498 and 598451?
749
Calculate the highest common factor of 230 and 282325.
115
Calculate the highest common factor of 469 and 5957707.
469
Calculate the highest common divisor of 153048 and 107498.
1822
Calculate the highest common divisor of 11 and 364771.
11
Calculate the highest common factor of 336 and 4452.
84
Calculate the greatest common factor of 5452 and 1566.
58
What is the greatest common divisor of 34584 and 672?
24
Calculate the highest common factor of 16 and 481.
1
What is the highest common factor of 2375 and 931?
19
What is the greatest common divisor of 26 and 1106?
2
Calculate the greatest common divisor of 1562 and 417835.
781
Calculate the highest common divisor of 178950 and 450.
150
Calculate the highest common divisor of 26 and 46.
2
Calculate the greatest common divisor of 45818 and 62.
62
Calculate the greatest common divisor of 639 and 2698.
71
Calculate the highest common divisor of 328798 and 158.
158
Calculate the greatest common factor of 70 and 12410.
10
Calculate the highest common factor of 50325 and 2850.
75
What is the highest common divisor of 82346 and 114?
38
Calculate the highest common divisor of 63 and 67923.
9
Calculate the greatest common factor of 229779 and 19623.
633
Calculate the highest common factor of 6121955 and 1785.
595
What is the highest common divisor of 15795 and 4680?
585
Calculate the greatest common divisor of 540 and 1146.
6
Calculate the highest common factor of 886 and 25.
1
What is the highest common divisor of 59790 and 12?
6
Calculate the highest common factor of 7157 and 80411.
421
What is the highest common factor of 3531 and 5610?
33
Calculate the greatest common divisor of 4320 and 2112.
96
Calculate the greatest common divisor of 1100 and 704.
44
Calculate the greatest common divisor of 292456 and 556.
556
Calculate the greatest common factor of 112 and 49672.
56
Calculate the greatest common factor of 2555 and 2520.
35
Calculate the greatest common divisor of 8668635 and 15.
15
Calculate the greatest common divisor of 8 and 42923.
1
Calculate the greatest common divisor of 38869 and 92624.
827
What is the highest common factor of 48913 and 1025?
41
Calculate the greatest common factor of 182 and 368810.
26
Calculate the highest common divisor of 3633 and 5376.
21
What is the highest common factor of 31174 and 66?
22
What is the greatest common factor of 1609144 and 5680?
568
Calculate the highest common divisor of 182879 and 43.
43
What is the highest common factor of 14343 and 1036?
7
Calculate the greatest common divisor of 924 and 190608.
132
Calculate the highest common divisor of 608 and 50559.
19
What is the greatest common factor of 2655 and 990?
45
Calculate the greatest common divisor of 1974 and 7686.
42
What is the greatest common factor of 314242 and 2538?
94
Calculate the highest common factor of 33 and 2316314.
11
What is the greatest common divisor of 12092 and 324?
4
What is the highest common factor of 266145 and 605?
55
What is the highest common divisor of 1416789 and 9801?
1089
What is the greatest common divisor of 35513 and 3978?
17
What is the highest common factor of 1199971 and 1136?
71
What is the highest common factor of 540 and 75510?
90
Calculate the highest common factor of 40960 and 2400.
160
What is the greatest common factor of 771 and 241323?
771
What is the highest common factor of 135 and 695235?
15
What is the highest common factor of 28589 and 847?
11
What is the highest common factor of 15230 and 310?
10
What is the greatest common divisor of 12 and 119748?
12
Calculate the highest common divisor of 11575 and 13427.
463
What is the highest common factor of 8890 and 4318?
254
What is the greatest common divisor of 38286 and 1836?
54
Calculate the highest common factor of 460 and 4210.
10
What is the highest common factor of 87210 and 3477?
57
What is the greatest common factor of 23 and 224365?
23
Calculate the greatest common factor of 316 and 116683.
79
What is the greatest common divisor of 349218 and 406?
58
Calculate the greatest common divisor of 138 and 1816402.
46
What is the greatest common factor of 81048 and 1?
1
What is the greatest common divisor of 22976 and 20800?
64
Calculate the greatest common factor of 1251 and 24881.
139
Calculate the greatest common factor of 119 and 89369.
119
Calculate the greatest common divisor of 112 and 26782.
14
Calculate the greatest common factor of 3528 and 269640.
504
Calculate the greatest common factor of 55 and 1330769.
11
Calculate the highest common factor of 1113 and 135044.
371
Calculate the greatest common divisor of 357 and 70482.
51
What is the highest common factor of 136381 and 63?
7
Calculate the greatest common divisor of 285 and 9082.
19
Calculate the highest common factor of 14 and 185738.
14
What is the greatest common factor of 577401 and 33?
33
Calculate the highest common factor of 4338 and 59768.
482
What is the highest common factor of 539940 and 60?
60
Calculate the greatest common factor of 265086 and 108.
54
What is the highest common factor